2296 = 0. Calculate the greatest common factor of 40 and k.
8
Let w(s) = -41*s**3 - s**2 - s + 1. Let z be w(1). Let h be 16576/252 - 2/(-9). Let l = z + h. Calculate the highest common factor of 12 and l.
12
Let o(s) = -8*s + 1. Let y be o(-3). Suppose 12*z - 4000 = -68*z. Calculate the highest common factor of y and z.
25
Let a(b) = -b**2 - 8*b - 6. Let r(v) = 3*v**2 + 25*v + 20. Let o(j) = -17*a(j) - 6*r(j). Let f be o(-9). What is the highest common factor of 216 and f?
27
Let x(b) = b**2 - 2*b - 3. Let m be x(3). Suppose c + 1 + 20 = m. Let h be ((-16)/24)/(2/c). Calculate the greatest common divisor of 28 and h.
7
Suppose 50 = 3*o + 2*c, -2*o + 17 = -c - 21. Let j be ((-1)/(-3))/(9/54). Let n(l) = 20*l**3 + 2. Let v be n(j). What is the greatest common divisor of o and v?
18
Let q be (24/(-66))/(22/(-3509)). Calculate the greatest common factor of q and 87.
29
Suppose 721 = -31*g + 752. Let x = 5 + -3. What is the highest common divisor of g and x?
1
Let a(r) = -r**3 - 21*r**2 - 20*r + 10. Let x be a(-20). Calculate the highest common factor of x and 170.
10
Suppose 0*g = 2*g - 8. Let c(x) = -x**3 - 17*x**2 + 84*x + 16. Let m be c(-21). What is the greatest common factor of g and m?
4
Let w(k) = -k**3 - 10*k + 13. Let n be w(-7). What is the highest common factor of 710 and n?
142
Let y = 186 - 25. What is the highest common factor of y and 7?
7
Suppose 2*y - 125 = -55. Suppose 2*p - 3*p + y = 5*x, 2*p - 10 = 2*x. Calculate the highest common factor of 10 and p.
10
Suppose 3*o - 4*k + 7 = 0, -31*o - 4*k = -32*o - 13. Calculate the highest common factor of 57 and o.
3
Let w = 0 - -9. Let s(z) = 2*z**2 + 7*z + 5. Let g = 9 + -13. Let d be s(g). What is the highest common divisor of d and w?
9
Let v(x) = -156*x + 1137. Let o be v(7). Let g(s) = s**2 - 6*s. Let m be g(9). What is the greatest common divisor of o and m?
9
Let i be (-1 + -6)*30/(-21). Suppose -2*v = -3*b - i, 5*b - 2*b - v + 5 = 0. Suppose 4*f + 16 - 40 = b. What is the greatest common divisor of 4 and f?
2
Let m be (-4)/14 + 285/(-7). Let l = 93 - 109. Let u = l - m. What is the greatest common factor of u and 25?
25
Let o = 39 + -35. Let y = 95 + -63. Calculate the greatest common divisor of o and y.
4
Suppose 4*o + 3*m - 543 = 0, -3*m = 5*o - 0*m - 675. Calculate the greatest common divisor of 84 and o.
12
Let p be 2/(-1)*(-124)/8. What is the highest common divisor of 248 and p?
31
Let u(z) = 22*z - 7. Let k be u(8). Suppose -5*t + k = 49. Calculate the greatest common factor of 32 and t.
8
Suppose 8 = -4*c, 11*w - 12*w + c + 27 = 0. Calculate the greatest common divisor of w and 80.
5
Let w be (-21)/28 + 938/56. Let a = 65 - 1. What is the highest common factor of w and a?
16
Suppose 0 = -3*y - 3*i + 21, 4*y = 4*i + 51 - 7. Let v be (2/4)/((-1)/(-198)). What is the greatest common factor of y and v?
9
Let m = -520 + 794. Suppose 0*j - m = -j + 3*p, -4*j = 5*p - 1045. Calculate the highest common divisor of j and 106.
53
Let o(p) be the second derivative of 0 + p**2 + 5/6*p**4 - 1/20*p**5 + 7*p - 7/6*p**3. Let f be o(9). Calculate the highest common divisor of 30 and f.
10
Suppose 18 = 5*m + z, -2*m + 4 = -3*m - 4*z. Let j = 4 + m. Let y(g) = 19*g + 8. Let n be y(j). What is the greatest common factor of n and 20?
20
Let p(h) = h**2 - 6*h - 10. Let w be p(8). Let g(i) = -1 - 7*i**3 + 3 + 2*i**3 + 3*i + 3*i**3. Let j be g(-2). What is the greatest common divisor of w and j?
6
Let p be 1 + -1 - (2 + -4). Let j = 1 - 1. Let g = 1 - j. Calculate the greatest common factor of g and p.
1
Let o = 33 - 79. Let b = 61 + o. What is the highest common divisor of 120 and b?
15
Suppose -11*c + 24 = -8*c. Let s be c + (0 + -3)/(-3). Let b(f) = 2*f - 13. Let d be b(s). Calculate the greatest common divisor of 40 and d.
5
Let j be (-35)/(-7)*2/2. Suppose j*f - 84 + 4 = 0. Suppose -15*c = -f*c + 4. What is the greatest common factor of 6 and c?
2
Let o be 3/4 + 3/12. Suppose -56 = -34*n + 12. Calculate the greatest common factor of o and n.
1
Let d = -3 + 8. Suppose -144 = -d*y + 3*y. Suppose -2*u + 68 = 4*h, -17*u + h + 19 = -16*u. What is the highest common divisor of y and u?
24
Let x(q) = -q**2 - 28*q - 148. Let b be x(-8). Calculate the greatest common divisor of 450 and b.
6
Suppose -5*o = 4*p + 2252, 10*p - 5*p = -o - 2836. Let u be p/(-10) - 56/70. Calculate the highest common factor of u and 28.
28
Suppose 8*h - 303 = -79. What is the greatest common divisor of 182 and h?
14
Suppose -m - 2*j + 6 = 0, -j + 0*j + 3 = 0. Suppose v - 30 - 11 = -3*t, -2*t - 3*v + 25 = m. Calculate the greatest common factor of t and 56.
14
Suppose 0 = -3*q + 8 + 112. Suppose 2*s - 32 = -2*r, 3*r - 5*s - q = 2*r. What is the greatest common divisor of 50 and r?
10
Let s = 8 - 3. Suppose -r + 16 = j + 1, -2*j + s*r + 44 = 0. Suppose 5*w + 5*q = 920, -739 = -3*w - w - 3*q. Calculate the highest common factor of w and j.
17
Let g(q) = q**3 + 4*q**2 - 31*q + 2. Let p be g(-7). Suppose p = 18*m - 14*m. What is the highest common divisor of m and 234?
18
Let q(c) = -c**3 + c**2 - 4*c + 1. Let g be q(4). Let u(t) = t**2 - 4*t + 12. Let z be u(12). Let v = g + z. Calculate the highest common divisor of v and 5.
5
Let t = 14 + 2. Let q = 24 - t. Suppose 272 = 5*g + 2*a - 6, -170 = -3*g + 2*a. Calculate the greatest common factor of g and q.
8
Let z be ((-18)/(-15))/((-3)/(-140)). Calculate the greatest common divisor of z and 24.
8
Suppose -4*i - 2*t + 35 = 3*t, -t = -3*i + 12. Suppose -3*q - i*b = -288 + 31, 4*q - 3*b - 333 = 0. Calculate the greatest common factor of 12 and q.
12
Let b = 18 - 83. Let o(q) = -13*q**3 + 2*q**2 + q + 2. Let p be o(2). Let m = b - p. Calculate the greatest common factor of m and 9.
9
Let o(t) = -t**2 + 17*t - 8. Let f be o(11). Suppose -2*h + 4*j = -f + 6, 15 = -3*j. Let k be 8/((-3)/36*-2). Calculate the greatest common divisor of k and h.
16
Suppose 0 = 4*o + f - 344, 3*o = -o - 2*f + 348. Calculate the highest common divisor of o and 68.
17
Suppose 3*w = h - 10, -2*h + 9 + 9 = -4*w. Calculate the greatest common divisor of h and 56.
7
Let y be 9/(-6) + (-94)/(-4). Suppose 4 = 15*s - 17*s. Let p be s*(-171)/6 - (-2 - -4). Calculate the highest common divisor of p and y.
11
Let j be ((-1890)/252)/(0 + 1/(-2)). Let l(w) = w**2 - 5*w + 9. Let k be l(6). Calculate the highest common divisor of k and j.
15
Let w(a) be the third derivative of 7*a**4/12 + 5*a**3/3 - 14*a**2. Let q be w(3). Calculate the highest common factor of q and 4.
4
Let d = 1399 + -1277. Calculate the highest common divisor of d and 427.
61
Let r = 844 + -839. Let l = 70 - 15. Calculate the greatest common factor of r and l.
5
Let y be (-1428)/7*8/(-3). Calculate the greatest common divisor of 17 and y.
17
Let a(q) be the third derivative of -q**6/120 + q**5/15 + 5*q**4/24 + q**3/2 + 11*q**2. Let k be a(5). Calculate the greatest common factor of k and 4.
1
Let j = 4 + 2. Let p = -1 - -3. Suppose -2*w = -0*b - 2*b - 104, 3*b = p*w - 102. What is the highest common factor of w and j?
6
Let i be 8/(-24) - (-14)/6. Let x be 0 + i + 6/(-2). Let u be (-6 + -1)*x + 3. Calculate the highest common factor of 80 and u.
10
Suppose -2*p = -b - 7, 5*p - 14 = 3*b + 3. Let f = b + 9. Calculate the greatest common divisor of f and 5.
5
Let d be 7 - (-9)/(45/10). Suppose 4*n - 5*p + 0*p = 82, 3*p - 48 = -3*n. What is the greatest common factor of n and d?
9
Let u(j) = 3*j. Let g be u(4). Let a be -5 - -5 - (-3)/1. Suppose 0*z = -a*z + 180. What is the highest common factor of z and g?
12
Suppose 6*r - 20*r = -1190. Suppose 5*z - 170 = 5*a, 6*z = z + 3*a + 170. Calculate the highest common divisor of r and z.
17
Suppose 0 = h + 3*t + 5, 2*h + 2*t = -2*h + 10. Suppose 0 = 5*l - h*l - 5. Suppose 0 = -l*x + 5. Calculate the highest common factor of x and 4.
1
Suppose -3*o = -4*f + 1319, -3*f - 2*o + 868 + 117 = 0. Calculate the highest common divisor of f and 470.
47
Suppose -21 = -q - 9. Let j(m) = m - 2*m + 38 - m + 6. Let c be j(20). Calculate the greatest common divisor of q and c.
4
Suppose -2*y + 0 = -30. Calculate the highest common factor of 105 and y.
15
Suppose -v - 50 = -2*x + 34, -4*x + 162 = v. Let i = x - 0. Calculate the highest common factor of i and 41.
41
Let q(w) = w**3 + 7*w**2 - 5*w + 3. Let l be q(-6). Sup